v + 10. Let l = d - -9. What is the units digit of p(l)?
6
Let z = 9 + 0. What is the tens digit of ((-36)/14)/(z/(-42))?
1
Suppose -2*v = -26 - 6. What is the tens digit of v?
1
Let q(t) = 3*t**2 + 7*t + 11. What is the units digit of q(-9)?
1
Let n(k) = -k**3 - 3*k**2 - 3*k - 3. Suppose 2*w + 0*w - 4 = 3*z, -3*w + 3*z = 0. What is the units digit of n(w)?
5
Let z(n) = -n**2 + 7*n - 9. Let j be z(6). What is the tens digit of (-9)/2*8/j?
1
What is the units digit of 4/14 - 388/(-14)?
8
Suppose 0*u + 2*u - 12 = -2*j, -j + u + 6 = 0. Let k = -1 - -1. Suppose j*n - 2*n - 4 = k. What is the units digit of n?
1
Suppose 5*m = -5*y + 20, -y - 2 = 2*m - 1. What is the units digit of y?
9
Let z be 2/6 + 8/3. Let r = -12 + 12. Let g = z + r. What is the units digit of g?
3
Let y = 100 + -24. What is the tens digit of y?
7
Suppose 6*a - a + 85 = 0. Let n = 30 + a. Let c(l) = l**3 - 13*l**2 + 13. What is the tens digit of c(n)?
1
What is the tens digit of (102/(-12) + 3)/(1/(-10))?
5
Let w = 55 + -38. Suppose 4*h + 0*d - 53 = -d, -h = 4*d - w. What is the units digit of h?
3
Let f(n) = 33*n - 12. What is the units digit of f(3)?
7
Let n = 148 - 75. Suppose -2*m + 4*b + n = 3*m, 4*b + 8 = 0. What is the units digit of m?
3
Suppose 0 = c + 4*c + 5*j, 4*c = j + 20. Suppose c*f = -f + 25. What is the units digit of f?
5
Suppose 2*i - 5*y - 83 + 11 = 0, 2*y - 8 = 0. What is the tens digit of i?
4
Let q = 67 - 39. Suppose -2*h + q = 2*b, 0 = 2*b + 3*b - 2*h - 56. What is the units digit of b?
2
What is the tens digit of 1 - (-5)/(20/144)?
3
Suppose 4*i - 69 = -3*g + 23, -26 = -g + i. Suppose 4*x = -0*x + g. What is the units digit of x?
7
Let a = -1 - -25. What is the tens digit of a?
2
Suppose -4*q = -3*q. Suppose 0 = -j - a + 1, -3*j - 5*a - 4 - 1 = q. Suppose 0*y + 20 = -5*y, 32 = 4*i - j*y. What is the units digit of i?
3
What is the units digit of 2 - (33 + -3)/(-5)?
8
Let b = 18 - 6. What is the units digit of b?
2
Let w(i) = i**2 + 3*i - 2. Let p be w(-4). Suppose 0 = -p*s - 0 + 32. What is the units digit of s?
6
Let o be (-5)/15*(-12 - -3). Suppose 0 = -9*h + o*h + 132. What is the units digit of h?
2
Suppose -6*p = -3*p + 3*l + 795, 522 = -2*p + 2*l. Let b be 4/(-18) + p/(-9). Let j = b + -8. What is the tens digit of j?
2
Let j = -8 + 11. Suppose -j*f = -0*f - 27. What is the units digit of f?
9
Let z = -81 - -149. What is the units digit of z?
8
Suppose 0 = 3*g - 2*p + 2 - 6, 5*p = -2*g - 29. Let z = 0 - g. What is the units digit of z?
2
Let x = 186 - 19. What is the hundreds digit of x?
1
Suppose -2*r + 0*r = 4, 4*z - 122 = 3*r. What is the units digit of z?
9
Let g(w) = 7*w - 5*w - 3*w + 4. Let j = -21 + 15. What is the units digit of g(j)?
0
Let s = -3 + -1. Let w(l) = l**3 + 6*l**2 + l - 3. What is the units digit of w(s)?
5
Let d be 10/35 + 220/14. Let f be 2/3 - (-7)/3. Suppose f*o = o + d. What is the units digit of o?
8
Let p = -1 + 3. Suppose n = 2*d + 14, n - 10 = p*d + 2*n. Let q = d + 12. What is the units digit of q?
6
Suppose 4*i + 17 = -0*i - 3*t, 2*i + 13 = -3*t. Let o be -2 + 0 + i + 3. Let w(r) = 5*r**2 - 2*r - 1. What is the units digit of w(o)?
6
Let q(g) = 4*g**2 - 2*g. Let w be q(-4). Suppose -2*f + 5*f - w = 0. Let n = f - 16. What is the units digit of n?
8
Let r(h) = -h + 56. Let l be r(0). Suppose c = -3*c + l. What is the units digit of c?
4
Let r(h) = -h**2 - h. Let w be r(4). Let o = -10 - w. What is the units digit of o?
0
Let m be -3 + 2 + -5 - 3. Let g(c) = c**3 + 10*c**2 + 8*c - 8. What is the units digit of g(m)?
1
Let o(p) be the second derivative of 3*p**5/20 - p**4/3 + p**3/2 - 2*p**2 - 8*p. What is the units digit of o(3)?
0
Suppose 15 = 5*w, 3*a - 4*w - 9 = -0. Let n = 35 + a. What is the tens digit of n?
4
Let w(h) = -5*h - 1. Let s(g) = -g + 6. Suppose 2*m - 5 = 9. Let b be s(m). What is the units digit of w(b)?
4
Let r be 16/(-24)*18/(-4). Suppose -4*b = -r - 5. What is the units digit of b?
2
Suppose 4*b - 167 = 3*u + 115, -222 = -3*b - 3*u. Let a be ((-32)/(-12))/((-4)/(-90)). Suppose -4*r = -4*j - b, -6*r - j + a = -r. What is the tens digit of r?
1
Let b(y) = -y**3 + 2*y**2 + y. Let j be b(2). Let p(v) = 7*v + 2. What is the tens digit of p(j)?
1
Let r be (-51)/(-4) + 11/44. Let h = -1 + r. What is the tens digit of h?
1
Let u be -2 + 3 + (-141)/(-3). Let z = u - 28. Suppose -30 = 2*t - 4*t - 2*p, -t - 2*p = -z. What is the tens digit of t?
1
Let y(n) = -2*n - 9. Let b be y(-6). Let w(q) = 5*q - 1. What is the tens digit of w(b)?
1
Let w = 105 - 73. Suppose -3*s + 30 = s + c, -4*c - w = -3*s. What is the units digit of s?
8
Suppose -10*p = -5*p - 635. What is the tens digit of p?
2
Let o(c) = -c**2 + 10*c + 1. Let l be o(9). What is the units digit of 6/10 + 64/l?
7
Let l(g) = g + 20. What is the units digit of l(-13)?
7
Suppose 105 = 5*n - 2*r, 2*r = 5*n + 7*r - 140. What is the units digit of n?
3
Suppose 2*j = 4*w - 42, -5*j + j + 12 = 0. Let i = 9 - 4. Let o = w - i. What is the units digit of o?
7
Suppose 2*u = 4*u + 8. Let q = u - -5. What is the units digit of q?
1
Suppose 13*r = 771 + 373. What is the units digit of r?
8
Suppose -2*l + 6*l + 5*w = -21, 3*l + 10 = 2*w. What is the units digit of (5 - (l - -1)) + -3?
5
Let x = 311 + -121. What is the hundreds digit of x?
1
Let o be ((-24)/9)/((-6)/27). Suppose 4*x + 4*b = -12, -6*x - b = -2*x + o. What is the units digit of -4*x/(12/2)?
2
Let i = -10 + 10. What is the tens digit of (i - 0) + -1 + 15?
1
Suppose -3*w + 2*w - 105 = -2*j, 225 = 4*j + w. Suppose -4*k - a + j = 0, 4*a - 3 + 7 = 0. What is the units digit of k?
4
Suppose -7*q = -2*q - 305. What is the tens digit of q?
6
Suppose -3*y + 4*y = 1. Suppose 0 = 2*o - 5*w + 17, -3*o - 3 = -5*w + 10. Suppose -o = -a + y. What is the units digit of a?
5
Let r(u) = u**3 + u**2 - 7*u - 1. What is the units digit of r(-3)?
2
Suppose -8*t + 9*t - 171 = 0. What is the units digit of t?
1
Suppose n - 3 = -48. Let q be 17*1 - (1 + 0). What is the tens digit of (n/(-12))/(6/q)?
1
Suppose -59 - 21 = -2*h. What is the tens digit of h?
4
Let f = -16 + 11. Let i(g) = g**2 + 4*g + 5. Let m be i(f). What is the units digit of ((-2)/4)/((-5)/m)?
1
What is the hundreds digit of 2832/27 - (-9)/81?
1
Suppose 5 = m + 2*d, 26 + 22 = 3*m - 5*d. Let x = m - 3. What is the units digit of x?
8
Let n be 2*5*(-2 + 3). Suppose z + n = -z. Let g = 9 + z. What is the units digit of g?
4
Suppose -4*c + 49 = -423. What is the hundreds digit of c?
1
Let b(u) = u**3 - 16*u**2 + 16*u - 12. Let a be b(15). Suppose -58 = -5*w + a*w. What is the tens digit of w?
2
Let v(z) = z**3 - 7*z**2 + 10. Let k be v(7). Let d = -11 + 8. Let i = k + d. What is the units digit of i?
7
Let u(n) = n**3 + 9*n**2 + 21. What is the units digit of u(-9)?
1
Let k(m) be the second derivative of m**5/20 + m**4/12 - 5*m**3/6 - 2*m**2 - 3*m. Let d be k(-3). Let h(a) = -3*a - 8. What is the tens digit of h(d)?
1
Let d = -38 - -64. What is the units digit of d?
6
Let c(f) = 12*f - 8. Let j be c(8). What is the units digit of (2/2)/(8/j)?
1
Suppose 3*n - 2*n - 42 = 0. Let p = n - 21. What is the units digit of p?
1
Let n(m) = m**2 - 4*m**3 - 2*m + 0*m**3 + 3*m**3 - 10*m**2. What is the units digit of n(-9)?
8
Suppose 200 = -0*d - 4*d - 3*b, -b = -4. Let n = d - -32. What is the units digit of (-2)/7 + (-111)/n?
5
What is the units digit of 10*(-1 + 1/(-10)*-26)?
6
Suppose -3*f + 3 = 5*r, 1 + 2 = 3*f - 2*r. Let m(u) = u**3 + 2*u**2 - 1. Let d be m(f). Suppose 0 = a - d - 2. What is the units digit of a?
4
Suppose -2*s + 7*s + 3*n = 159, 126 = 4*s + 2*n. What is the tens digit of s?
3
Suppose b = -0*b + 2*m + 24, -b + 6 = 4*m. Let u = -13 + b. What is the units digit of u?
5
Let x(w) = -9*w - 7. Let f be x(-2). Suppose 4*u = -3*a + 68, 2*a = -3*u - a + 48. Let b = u - f. What is the units digit of b?
9
Let a be (-5)/(-4) + 1/(-4). What is the units digit of 14*a + -5 + 3?
2
Suppose -902 = -11*l + 2200. What is the hundreds digit of l?
2
Suppose 14*a = -0*a + 3878. What is the units digit of a?
7
Let x(h) = -h**3 + 3*h**2. Let s be x(3). Suppose s = -2*p + 2*m - m + 16, m = 4*p - 28. What is the units digit of p?
6
Let i = -110 + 365. What is the hundreds digit of i?
2
Let t = -3 + 5. Suppose 2*y - 32 = -t*y. Suppose -d - d = y, -5*b - 3*d + 3 = 0. What is